*s**2 + 2*s + 34. Suppose -9*m - 484 = -m + 14*m. What is d(m)?
-10
Let y = 3067 - 3106. Suppose 175 = 5*b - s, -b + 4*b + 3*s = 123. Let x = b + y. Let j(g) = 4*g - 1. What is j(x)?
-13
Let w(n) be the third derivative of -n**6/120 + n**5/15 - n**3/3 + 10*n**2. Let i be (-1)/(-4) - ((-684)/(-16))/(-9). Suppose 3*m - 17 = -i. Determine w(m).
-2
Suppose 4*h + 5*n - 10 = -0*n, n = 5*h + 2. Let s(m) be the third derivative of -m**6/120 - m**4/24 + 7*m**3/6 - 15*m**2 + 35. What is s(h)?
7
Let u(m) = -3*m**2 + 11*m + 7. Suppose -1087*h = -1067*h - 80. What is u(h)?
3
Let x = -56 - -65. Let m be 6/5*(-25)/(x - 4). Let i(n) = n**2 + 8*n - 5. Give i(m).
-17
Let z = -8041 - -8035. Let y(d) = 2*d**3 + 6*d**2 - 12*d - 13. Calculate y(z).
-157
Let w(h) = -2*h - 13. Let z(m) = -281*m + 1398. Let u be z(5). Determine w(u).
1
Suppose 25*k + 171 - 346 = 0. Let y(m) = m**3 - 5*m**2 - 18*m + 9. Determine y(k).
-19
Let h(l) = -l**2 - 150*l - 4947. Let s be h(-101). Let z(p) = -p**3 + 2*p**2 - p - 6. What is z(s)?
-8
Let p(b) = 20*b**2 - 4*b + 5. Let s = 4712 + -4711. Calculate p(s).
21
Let i(t) = 5*t**2 + t - 1. Let p be i(-1). Let c(r) = 12*r + 6. What is c(p)?
42
Let f = -18 - -18. Let z(o) = o**2 + 7. Let n(k) = -4*k**2 - 24. Let q(r) = -n(r) - 3*z(r). Determine q(f).
3
Let w(z) = -3*z - 4. Suppose 5*c - 49 + 8 = -3*q, 0 = 2*q - 3*c - 21. Suppose -15 = 9*u - q*u. Suppose -3*k + 1 = 3*n + 4, u*n = -3*k + 5. Calculate w(n).
-16
Let c be 12/(-102) + (-376)/(-17). Let y = c + -21. Let a(s) = y - 2*s**2 - 11*s**3 - 2*s + 0 + 12*s**3. What is a(3)?
4
Let o be (-2)/15 - 394/(-150)*5. Let b(a) = 2*a - 28. Give b(o).
-2
Let a(c) = c**2 + 10*c - 4. Let z be ((-7)/(-42)*-3)/(1/(-4)). Suppose 0 = 3*l - z*s + 7*s + 55, 5*l + 5*s = -75. Determine a(l).
-4
Let n(t) = 96*t + 4. Let d(l) = 14*l + 1. Let i(m) = -34*d(m) + 5*n(m). Determine i(-7).
-42
Let r(i) = i**3 + 7*i**2 + 3*i - 6. Suppose -2*l - c + 21 = 2, 5*c - 15 = 0. Let j be l/2*36/(-24). Calculate r(j).
12
Suppose 4885865*n = 4885769*n + 21 - 117. Let b(r) = -42*r**2 + 1. Let g(l) = 42*l**2 - 1. Let h(j) = 5*b(j) + 6*g(j). Determine h(n).
41
Let w(x) = 73*x + 60. Let p(b) = 401*b + 299. Let v(f) = -2*p(f) + 11*w(f). Determine v(-21).
41
Let i(t) = t**2 + 5. Let s(m) = -15*m + 13. Let h be s(6). Let y = h - -86. Suppose 0 = 4*w - 4*a - 20, -4*a + 25 = -2*w - y*a. What is i(w)?
5
Let a = -190 - -193. Suppose 5*f = 5*x - 60, 0 = x - a*f + 5 - 23. Let q(d) = d**3 - 8*d**2 - 12*d + 8. Determine q(x).
-19
Let f be 240/(-72)*12/(-10). Let j be ((-1)/2*0)/1. Let i(n) = -10*n + j*n + 12*n - f. Calculate i(-6).
-16
Let r(f) = -9*f + 50. Let i be r(5). Let x(t) = 19 - 6 - 4 - t - 8. Determine x(i).
-4
Let l(f) = -f**2 - 6*f + 3. Let p = -111 - -115. Let a be 1*((-35)/(-10) + -5)*p. Determine l(a).
3
Let r(o) = -2*o**2 + o**3 + 92*o - 110*o + 4*o**2 - 5*o**2 + 63 - 10*o**2. Determine r(14).
7
Let u(n) = 3*n**2 - 11*n - 1. Let h(a) = a**3 + 20*a**2 + 19*a + 4. Let i be h(-19). Give u(i).
3
Let j(t) be the second derivative of t**4/12 - 7*t**3/6 - 3*t**2 + 261*t. Suppose -x + 3*c - 6 = 0, -4*x + c = x - 12. Suppose -24 = -x*q - 6. Determine j(q).
-12
Let m be 486/(-3159) - (2153/(-52) - (-3)/(-4)). Let g(h) be the first derivative of 3*h + 1/2*h**2 + m. Determine g(-4).
-1
Let z(v) = v**3 - 8*v**2 - v + 6. Let g be (-1060)/6*1*(-12)/8. Let s = 273 - g. Determine z(s).
-2
Let u(f) be the first derivative of 2*f**3 + f**2/2 - f + 754. Let m(r) = r**3 + 7*r + 3*r + r + 2 - 26*r + 14*r**2. Let j be m(-15). Give u(j).
25
Let c(g) = g**3 - 10*g**2 + g + 23. Let a be c(11). Let z = a + -161. Let n(d) be the first derivative of -d**4/4 - 7*d**3/3 - 3*d**2 + 8*d + 2. Give n(z).
8
Let n = -1 + 1. Let l(d) = -6927*d + 3469*d + d**3 - 5 - d**2 + 3457*d. Give l(n).
-5
Let n(o) = o**2 + 12*o + 18. Let t be n(-13). Let k = t - 25. Suppose k + 14 = 5*v, 3*v - 4 = 2*u. Let r(p) = -p**2 + 2*p + 5. What is r(u)?
-3
Let w = 44 + -37. Let v(z) = z**3 - 18*z**2 - 5. Let l(u) = -2*u**3 + 32*u**2 + 2*u + 11. Let o(h) = -3*l(h) - 5*v(h). What is o(w)?
-1
Suppose 5*z = c + 2, 0 = z - 145*c + 142*c - 6. Let d(n) be the third derivative of 1/8*n**4 + z*n + 0 + 1/60*n**5 - 45*n**2 - 5/6*n**3. Give d(-5).
5
Let p(q) = -12*q**2 - 2*q - 2. Let j(b) = -b**2 - 3*b + 180. Let f be j(-15). Let m be (-1 - f)/(24/48). Determine p(m).
-46
Suppose -3*o + 60 = 3*u - 4*o, u + 2*o = 20. Let k(g) = 7*g - g - u - 7*g + 1. Calculate k(-17).
-2
Let p(c) = 6*c - 14 - 13 + 15 - 6. Give p(4).
6
Let i(c) = 0*c + c**3 + 1 - 2*c**3 - c - 4*c**2. Suppose -4*w - 37*m + 42*m - 16 = 0, 4*w + 16 = -5*m. Give i(w).
5
Let x(s) be the first derivative of 4*s**3/3 - 13*s**2/2 + 5*s - 4405. Calculate x(3).
2
Let q = -16853 + 16863. Let f(x) = x - 4 - 1 - 1 + 0*x. Give f(q).
4
Let c(q) = -5*q**2 - 3*q - 31. Let j(t) = -t**2 - t - 6. Let h(o) = -2*c(o) + 11*j(o). Determine h(-7).
-18
Let y(v) = 517*v + 3*v**3 + 9*v**2 - 506*v - v**3 + 2 - v**3 + 4. Let c(p) = -p**2 - 9*p - 8. Let n be c(-9). What is y(n)?
-18
Suppose -5*l - 15 = 0, -4*p + 5*l = 2*l - 29. Suppose 0 = 5*o - 25, -5*r - 15 = 2*o - p*o. Let u(s) = -s**3 + 36. Determine u(r).
36
Let d(f) be the second derivative of f**3/2 + 17*f**2 + 508*f + 3. What is d(-6)?
16
Let t(o) be the first derivative of -o**4/4 - 4*o**3/3 + 3*o**2/2 - o + 4168. Let y be 4/18 - (-114)/(-27). What is t(y)?
-13
Let b(q) = -q**3 - 3*q**2 - 4*q. Let l(k) = 25*k - 203. Let u(d) = 6*d + 98. Let j be u(-15). Let v be l(j). Calculate b(v).
12
Let m(q) = q**2 - 2*q + 5. Suppose -137*l = -128*l - 90. Suppose 0 = 2*h + 3*y + 17, h - 4*h - y = 29. Let s be (-12)/h*l/3. What is m(s)?
13
Suppose -366 = 111*k - 33. Let r(v) = 3*v**2 + 3*v + 4. Determine r(k).
22
Let j(n) be the third derivative of 0*n**3 + 1/24*n**4 - 74*n**2 + 0*n + 1/60*n**5 + 0 - 1/24*n**6. Suppose 0 = x + 1. Give j(x).
5
Let x = 35491/12 + -17741/6. Let v(d) be the first derivative of x*d**4 - 21 - 2*d - 1/2*d**2 + 2/3*d**3. Determine v(-2).
-16
Let s(h) be the third derivative of -7/60*h**5 + 2 + 5/3*h**3 - 5/24*h**4 + 107*h**2 - 1/120*h**6 + 0*h. Determine s(-6).
4
Suppose x = 6*x - 20. Let w(o) = x + 0 + 3 - o**2. Suppose 5*s - 20 = 218*i - 222*i, s - 4 = 2*i. Give w(i).
7
Suppose 2*i - 6 = 2. Suppose -i*f + 6 = -z + 2*z, -3*z + 18 = -3*f. Let x = 4 - z. Let k(w) = -3*w - 2. What is k(x)?
4
Let l(x) be the second derivative of x**3/2 + 10*x**2 + 35*x. Let s(i) = 2*i + 11. Let p(g) = -4*l(g) + 7*s(g). What is p(4)?
5
Let k(r) = 57 - 25*r + 0*r**3 - 92 + 10*r**2 + 24 + r**3. What is k(-12)?
1
Let t(f) = 3*f - 564 + 562 + 2*f - 4*f. Suppose 0 = 5*m - 10, -19 = -4*d + m + 3. What is t(d)?
4
Let p(z) = -43*z + 347. Let i(r) = 15*r - 125. Let s(u) = -11*i(u) - 4*p(u). Give s(13).
78
Let n(b) be the third derivative of 1/6*b**4 + 1/60*b**5 + 0 + 2/3*b**3 + 0*b - 111*b**2. Give n(-4).
4
Let k(c) = -c**2 + 6*c + 12. Let d be k(6). Let z(u) = -5*u**3 - 5*u**2 - 67*u + 1. Let g(l) = l**3 - l**2 + 9*l + 1. Let m(n) = -6*g(n) - z(n). What is m(d)?
5
Let k be 18/30 - (-219)/(-15). Let b(l) = -l - 5. Let o be b(k). Let n(v) = 23 + 4*v**2 - o*v - 28 - 5*v**2. What is n(-6)?
13
Let d(a) = 2*a + 6 - a - 12 - a**2. Let n be (-15)/(-6)*(-12)/10. Let y be (2 - 2)/(n - (-3 + 2)). What is d(y)?
-6
Let m be -13 - -9 - -1*5. Let y be (-8 - 161/(-14))/(m/(-2)). Let t(u) = -2*u - 14. Calculate t(y).
0
Let c(v) = 15*v**2 + 390*v - 108. Let n(d) = -d**2 - 30*d + 8. Let y(t) = 2*c(t) + 27*n(t). Determine y(10).
0
Let j(x) be the third derivative of 1/2*x**3 - 1/60*x**5 + 3/8*x**4 + 139*x**2 + 0*x + 0. Calculate j(6).
21
Let l(j) be the third derivative of j**6/120 - j**5/10 - 19*j**4/24 + 7*j**3/3 - 13*j**2 - 6*j. Determine l(8).
-10
Let b(v) = -v**3 - v**2 - 7*v - 3. Let k be 198/297 + (-8)/3. What is b(k)?
15
Let g(o) = -o**2 - 3*o + 2. Suppose 544 = 30*p - 506. Let d(b) = -b**2 + 39*b - 137. Let s be d(p). What is g(s)?
-16
Suppose 3*l + 12 = 3*u - 6, 26 = -4*l + 5*u. Let y be l + 9 - (3 - 4). Let v(q) = -32*q**2 + 4*q + y - 30*q**2 + 61*q**2. What is v(5)?
1
Let v(p) = -49*p**2 + 1 - p + 25*p**2 + 25*p**2 - 2*p. Let k be v(3). Let q(c) = 12*c + 1. Determine q(k).
13
Let q(g) = 7*g**2 - 15*g**2 + 3*g + 9*g**2 - 9*g - 39 + 35. Suppose u - 11 + 5 = 0. Calculate q(u).
-4
Let h = -6 + 14. Suppose 3*c = h + 1. Let d(v) be t